{"id":50,"date":"2022-11-24T21:06:17","date_gmt":"2022-11-24T20:06:17","guid":{"rendered":"http:\/\/horizonverde.fr\/?page_id=50"},"modified":"2023-02-02T17:44:42","modified_gmt":"2023-02-02T16:44:42","slug":"nouveaux-arrivants","status":"publish","type":"page","link":"https:\/\/horizonverde.fr\/index.php\/nouveaux-arrivants\/","title":{"rendered":"MOUVEMENTS"},"content":{"rendered":"\n<figure class=\"wp-block-image size-large is-resized\"><img loading=\"lazy\" decoding=\"async\" src=\"https:\/\/horizonverde.fr\/wp-content\/uploads\/2023\/02\/demenagement-edf-electricite-1024x576.jpg\" alt=\"\" class=\"wp-image-913\" width=\"1019\" height=\"573\" srcset=\"https:\/\/horizonverde.fr\/wp-content\/uploads\/2023\/02\/demenagement-edf-electricite-1024x576.jpg 1024w, https:\/\/horizonverde.fr\/wp-content\/uploads\/2023\/02\/demenagement-edf-electricite-300x169.jpg 300w, https:\/\/horizonverde.fr\/wp-content\/uploads\/2023\/02\/demenagement-edf-electricite-768x432.jpg 768w, https:\/\/horizonverde.fr\/wp-content\/uploads\/2023\/02\/demenagement-edf-electricite.jpg 1200w\" sizes=\"auto, (max-width: 1019px) 100vw, 1019px\" \/><\/figure>\n\n\n\n<p><\/p>\n\n\n\n<p class=\"has-medium-font-size\"><strong>Pour les emm\u00e9nagements et d\u00e9m\u00e9nagements, quelques r\u00e8gles importantes sont \u00e0 respecter :<\/strong><\/p>\n\n\n\n<p class=\"has-medium-font-size\"><strong>Veillez \u00e0 ne pas encombrer le passage dans les couloirs, durant ces moments l\u00e0.<\/strong><\/p>\n\n\n\n<p class=\"has-text-align-center has-text-color has-background\" style=\"color:#1a382f;background-color:#c4d64c;font-size:28px;font-style:normal;font-weight:900\"><strong>Pour rappel, il est strictement interdit de laisser des cartons dans le local poubelles. <\/strong><\/p>\n\n\n\n<p><\/p>\n\n\n\n<p class=\"has-medium-font-size\"><strong>Nous vous invitons \u00e0 les couper\/plier pour les mettre dans les bacs jaunes. Si ils sont trop grands, deux possibilit\u00e9s s&rsquo;offrent \u00e0 vous : La d\u00e9chetterie ou le rendez-vous avec Nantes M\u00e9tropole. Plus de renseignements dans la rubrique \u00ab\u00a0d\u00e9chets\u00a0\u00bb dans le menu d\u00e9roulant de \u00ab\u00a0vivre \u00e0 Horizon Verde\u00a0\u00bb.<\/strong><\/p>\n\n\n\n<p class=\"has-text-align-center\" style=\"font-size:28px\"><strong>Il est interdit de stationner sur les trottoirs situ\u00e9s devant la r\u00e9sidence, sous peine d&rsquo;amende pour stationnement g\u00eanant.<\/strong><\/p>\n\n\n\n<p class=\"has-text-align-center\" style=\"font-size:25px\"><strong>35\u20ac pour stationnement abusif et g\u00eanant, 75\u20ac en cas de retard de paiement (60\u20ac si vous payez dans les 30 jours).<\/strong><\/p>\n\n\n\n<p class=\"has-text-align-center\" style=\"font-size:25px\"><strong>Idem devant l&rsquo;entr\u00e9e du b\u00e2timent C, 135\u20ac pour stationnement tr\u00e8s g\u00eanant et dangereux, 375\u20ac en cas de retard (300\u20ac si vous le payez dans les 30 jours).<\/strong><\/p>\n\n\n\n<p class=\"has-medium-font-size\"><strong>Pour d\u00e9m\u00e9nager ou emm\u00e9nager l&rsquo;esprit tranquille, pensez \u00e0 demander un permis de stationnement aupr\u00e8s de la mairie de Saint-Herblain voici le lien pour r\u00e9aliser les d\u00e9marches : <a href=\"https:\/\/www.saint-herblain.fr\/services-et-demarches\/espace-public-travaux-urbanisme\/occupation-du-domaine-public\/\" data-type=\"URL\" data-id=\"https:\/\/www.saint-herblain.fr\/services-et-demarches\/espace-public-travaux-urbanisme\/occupation-du-domaine-public\/\">https:\/\/www.saint-herblain.fr\/services-et-demarches\/espace-public-travaux-urbanisme\/occupation-du-domaine-public\/<\/a><\/strong><\/p>\n\n\n\n<p class=\"has-medium-font-size\"><strong>Que ce soit une arriv\u00e9e ou un d\u00e9part, nous vous la\/le souhaitons dans les meilleures conditions ! <\/strong><\/p>\n","protected":false},"excerpt":{"rendered":"<p>Pour les emm\u00e9nagements et d\u00e9m\u00e9nagements, quelques r\u00e8gles importantes sont \u00e0 respecter : Veillez \u00e0 ne pas encombrer le passage dans les couloirs, durant ces moments l\u00e0. Pour rappel, il est strictement interdit de laisser des cartons dans le local poubelles. Nous vous invitons \u00e0 les couper\/plier pour les mettre dans les bacs jaunes. Si ils <a class=\"read-more\" href=\"https:\/\/horizonverde.fr\/index.php\/nouveaux-arrivants\/\">READ MORE<\/a><\/p>\n","protected":false},"author":2,"featured_media":0,"parent":0,"menu_order":0,"comment_status":"closed","ping_status":"closed","template":"","meta":{"_mi_skip_tracking":false,"_monsterinsights_sitenote_active":false,"_monsterinsights_sitenote_note":"","_monsterinsights_sitenote_category":0,"footnotes":""},"class_list":["post-50","page","type-page","status-publish","hentry"],"_links":{"self":[{"href":"https:\/\/horizonverde.fr\/index.php\/wp-json\/wp\/v2\/pages\/50","targetHints":{"allow":["GET"]}}],"collection":[{"href":"https:\/\/horizonverde.fr\/index.php\/wp-json\/wp\/v2\/pages"}],"about":[{"href":"https:\/\/horizonverde.fr\/index.php\/wp-json\/wp\/v2\/types\/page"}],"author":[{"embeddable":true,"href":"https:\/\/horizonverde.fr\/index.php\/wp-json\/wp\/v2\/users\/2"}],"replies":[{"embeddable":true,"href":"https:\/\/horizonverde.fr\/index.php\/wp-json\/wp\/v2\/comments?post=50"}],"version-history":[{"count":16,"href":"https:\/\/horizonverde.fr\/index.php\/wp-json\/wp\/v2\/pages\/50\/revisions"}],"predecessor-version":[{"id":914,"href":"https:\/\/horizonverde.fr\/index.php\/wp-json\/wp\/v2\/pages\/50\/revisions\/914"}],"wp:attachment":[{"href":"https:\/\/horizonverde.fr\/index.php\/wp-json\/wp\/v2\/media?parent=50"}],"curies":[{"name":"wp","href":"https:\/\/api.w.org\/{rel}","templated":true}]}}