{"id":797,"date":"2022-12-19T14:20:07","date_gmt":"2022-12-19T13:20:07","guid":{"rendered":"https:\/\/horizonverde.fr\/?page_id=797"},"modified":"2023-02-02T17:59:30","modified_gmt":"2023-02-02T16:59:30","slug":"telephonie-internet","status":"publish","type":"page","link":"https:\/\/horizonverde.fr\/index.php\/telephonie-internet\/","title":{"rendered":"T\u00c9L\u00c9PHONIE \/ INTERNET"},"content":{"rendered":"\n<figure class=\"wp-block-image size-full is-resized\"><img loading=\"lazy\" decoding=\"async\" src=\"https:\/\/horizonverde.fr\/wp-content\/uploads\/2023\/02\/computer-cables-internet-optical-fiber1-1-.jpg\" alt=\"\" class=\"wp-image-925\" width=\"1019\" height=\"574\" srcset=\"https:\/\/horizonverde.fr\/wp-content\/uploads\/2023\/02\/computer-cables-internet-optical-fiber1-1-.jpg 620w, https:\/\/horizonverde.fr\/wp-content\/uploads\/2023\/02\/computer-cables-internet-optical-fiber1-1--300x169.jpg 300w\" sizes=\"auto, (max-width: 1019px) 100vw, 1019px\" \/><\/figure>\n\n\n\n<p><\/p>\n\n\n\n<p class=\"has-medium-font-size\">Les logements sont \u00e9quip\u00e9s pour recevoir la fibre optique.<\/p>\n\n\n\n<p class=\"has-medium-font-size\">Le concessionnaire SFR sur la ville de Saint-Herblain a r\u00e9alis\u00e9 les travaux de raccordement, permettant \u00e0 chaque occupant de souscrire un abonnement fibre aupr\u00e8s du fournisseurs de son choix (ORANGE, SFR, BOUYGUES, FREE, &#8230;).<\/p>\n\n\n\n<p class=\"has-medium-font-size\">En cas de probl\u00e8me avec votre op\u00e9rateur, n&rsquo;h\u00e9sitez pas \u00e0 saisir l&rsquo;ARCEP :<\/p>\n\n\n\n<p class=\"has-medium-font-size\"><a href=\"https:\/\/www.arcep.fr\/\" data-type=\"URL\" data-id=\"https:\/\/www.arcep.fr\/\" target=\"_blank\" rel=\"noreferrer noopener\">https:\/\/www.arcep.fr\/<\/a><\/p>\n","protected":false},"excerpt":{"rendered":"<p>Les logements sont \u00e9quip\u00e9s pour recevoir la fibre optique. Le concessionnaire SFR sur la ville de Saint-Herblain a r\u00e9alis\u00e9 les travaux de raccordement, permettant \u00e0 chaque occupant de souscrire un abonnement fibre aupr\u00e8s du fournisseurs de son choix (ORANGE, SFR, BOUYGUES, FREE, &#8230;). En cas de probl\u00e8me avec votre op\u00e9rateur, n&rsquo;h\u00e9sitez pas \u00e0 saisir l&rsquo;ARCEP <a class=\"read-more\" href=\"https:\/\/horizonverde.fr\/index.php\/telephonie-internet\/\">READ MORE<\/a><\/p>\n","protected":false},"author":2,"featured_media":0,"parent":0,"menu_order":0,"comment_status":"closed","ping_status":"closed","template":"","meta":{"_mi_skip_tracking":false,"_monsterinsights_sitenote_active":false,"_monsterinsights_sitenote_note":"","_monsterinsights_sitenote_category":0,"footnotes":""},"class_list":["post-797","page","type-page","status-publish","hentry"],"_links":{"self":[{"href":"https:\/\/horizonverde.fr\/index.php\/wp-json\/wp\/v2\/pages\/797","targetHints":{"allow":["GET"]}}],"collection":[{"href":"https:\/\/horizonverde.fr\/index.php\/wp-json\/wp\/v2\/pages"}],"about":[{"href":"https:\/\/horizonverde.fr\/index.php\/wp-json\/wp\/v2\/types\/page"}],"author":[{"embeddable":true,"href":"https:\/\/horizonverde.fr\/index.php\/wp-json\/wp\/v2\/users\/2"}],"replies":[{"embeddable":true,"href":"https:\/\/horizonverde.fr\/index.php\/wp-json\/wp\/v2\/comments?post=797"}],"version-history":[{"count":4,"href":"https:\/\/horizonverde.fr\/index.php\/wp-json\/wp\/v2\/pages\/797\/revisions"}],"predecessor-version":[{"id":926,"href":"https:\/\/horizonverde.fr\/index.php\/wp-json\/wp\/v2\/pages\/797\/revisions\/926"}],"wp:attachment":[{"href":"https:\/\/horizonverde.fr\/index.php\/wp-json\/wp\/v2\/media?parent=797"}],"curies":[{"name":"wp","href":"https:\/\/api.w.org\/{rel}","templated":true}]}}